 22. What is the remainder when w(12) is divided by 18?
8
Let r(m) = m**2 + 15*m + 3. Let s be r(-15). Suppose -s*x = -292 + 58. Calculate the remainder when x is divided by 27.
24
Let n = -169 - -184. Calculate the remainder when 22 is divided by n.
7
What is the remainder when ((-3)/(-2))/((-10)/(-260)) is divided by 10?
9
Let n(y) = -2*y - y + 2*y - y - 1 + 11*y**2. Let k = 1 + -2. Calculate the remainder when 34 is divided by n(k).
10
Suppose b + 2 - 4 = 0. Let h be ((b - 1)*-10)/(-2). Suppose 0 = -0*t - t + 5*a + 5, -h*a = -25. Calculate the remainder when t is divided by 16.
14
Let b(i) = -40*i + 6. Calculate the remainder when 135 is divided by b(-1).
43
Let q = -7 + 12. Suppose -q*j + 4 + 21 = 0. Suppose -2*g + 0*g + 27 = 3*r, 0 = j*r - 5*g - 45. What is the remainder when r is divided by 5?
4
Let d = -44 - -64. Suppose 5*k - d = 20. Let j = 39 - 24. What is the remainder when j is divided by k?
7
Suppose -9*c + 5*c + 48 = 0. What is the remainder when 94 is divided by c?
10
Suppose 0*r + 51 = -r. Let n = 11 - r. Suppose 2*w + 3*w = 4*u - 94, 0 = 4*u - 2*w - 88. Calculate the remainder when n is divided by u.
20
What is the remainder when 16 is divided by 18/(8/12*3)?
7
Let w(c) = c**3 - 8*c**2 + 9*c - 9. What is the remainder when 17 is divided by w(7)?
2
Suppose 0*j = 4*j - 88. What is the remainder when j is divided by 13?
9
Let q be 4/(-12) - 1/(-3). Suppose q*v = 2*v - 16. What is the remainder when -2 + 15 + 1 + 1 is divided by v?
7
Suppose -5*w + 58 = -0*w - 2*m, -2*w + 4*m = -20. What is the remainder when 57 is divided by w?
9
Suppose -2 = 2*w - 0. Let d = w + 5. Calculate the remainder when 6 is divided by d.
2
Let q(i) = 4*i + 3. Let l = -11 - -21. What is the remainder when q(4) is divided by l?
9
Let w(j) be the first derivative of 13*j**2/2 + j + 8. Calculate the remainder when w(2) is divided by 15.
12
Suppose 22 = 3*g - 29. Calculate the remainder when 32 is divided by g.
15
Suppose 72 = -3*n + 186. Let m = 57 - n. Calculate the remainder when m is divided by 10.
9
Suppose n - c + 5*c = 20, 4*n - 32 = -4*c. Suppose 23 - 2 = m + 4*u, n*m = -4*u + 60. Let d(a) = 4*a**2. What is the remainder when m is divided by d(-1)?
1
Let u(x) = -23*x**3 + x**2 - 1. Let d be 11/(-2) + (-3)/6. Calculate the remainder when (0 - -1)/(d/(-402)) is divided by u(-1).
21
Let c be ((-3)/(-2))/(-3)*-4. What is the remainder when -50*1/(-4)*c is divided by 6 + (-2)/(-4 - -2)?
4
Let w(j) = 5 - 1 - 7*j - 3. Suppose 3*o + 12 = o + 2*l, o - 4*l = -3. Calculate the remainder when w(o) is divided by 17.
16
Let w(a) be the third derivative of -a**4/8 - a**3/6 - 5*a**2. Let t(l) = -l**3 + 6*l**2 - 7*l + 5. What is the remainder when w(-9) is divided by t(4)?
8
Suppose -16 = -2*b - 0*b. Suppose 4 = 4*h, r + 3*h - 2*h - b = 0. Let j = 20 + -1. What is the remainder when j is divided by r?
5
Let d(b) be the third derivative of -b**5/60 + 5*b**4/8 + 5*b**3/6 - 5*b**2. What is the remainder when d(7) is divided by 16?
13
Let p be 0 + 13/1 - -2. Suppose 5*y - 17 = 4*g, g = 4*y - p - 3. Suppose 6 - 26 = -g*d. Calculate the remainder when 29 is divided by d.
9
Let l = -8 - -4. Suppose -4*t + 3*u = -44, -5*t - 2*u = 3*u - 20. Calculate the remainder when (-3)/(-6)*-11*l is divided by t.
6
Let j = -83 + 97. Calculate the remainder when 39 is divided by j.
11
Calculate the remainder when (-1*246/18)/(2/(-6)) is divided by 11.
8
Suppose -58 = 5*z + 242. Let l = z - -106. Suppose 0 = 2*y + 3*c - 22, 0 = -6*y + 3*y + 2*c + l. What is the remainder when 54 is divided by y?
12
Let s(p) = -6*p + 3. Calculate the remainder when s(-5) is divided by 12.
9
Let l(v) = v + 3. Let o be l(-5). Let n = -86 + 106. Calculate the remainder when o - -2 - (-58 - 0) is divided by n.
18
Let i be ((-2)/3)/(4/(-804)). Let n = -93 + i. What is the remainder when n is divided by 14?
13
Suppose 0 = -15*x + 118 + 1007. What is the remainder when x is divided by 39?
36
Let y be (-16)/(-7) + (-6)/21. Suppose -2*t = f + 2, -2*f - y*t - 20 = -4*f. What is the remainder when 11 is divided by f?
5
Let q = -43 + 50. What is the remainder when 159 is divided by q?
5
Let k(n) = n**2 + n - 7. What is the remainder when k(-5) is divided by 9?
4
Calculate the remainder when 43 is divided by -21 - -16 - (-12 - 1).
3
Suppose 0 = -4*n + 2*n + 28. Let b(h) = h**2 - 2*h + 1. Let v be b(2). Suppose -82 = -3*u - v. What is the remainder when u is divided by n?
13
Let h = 54 - 43. What is the remainder when 41 is divided by h?
8
Let r(q) = -q**3 - 6*q**2 - 6*q. Calculate the remainder when (-340)/5*(-4)/16 is divided by r(-5).
2
Let j = 76 + -46. Let l = 44 - j. Suppose 0 = 2*m - 10. Calculate the remainder when l is divided by m.
4
Let k(n) = -3*n**3 + 3*n**2 + 2*n + 3. Let j = 29 - 15. Calculate the remainder when k(-2) is divided by (-258)/(-21) + (-4)/j.
11
Let b(l) = -l**2 - 6*l + 3. Calculate the remainder when 19 is divided by b(-6).
1
Let t = 1 + -2. Let q = t - -3. Suppose m + 15 = 2*d, 4*d - m - 9 - 16 = 0. What is the remainder when d is divided by q?
1
Let h be 1/(1/(-10)) + -2. Let o = 27 + h. Let v(l) = 3*l**2 - 5*l. What is the remainder when v(4) is divided by o?
13
Suppose o - c - 4 = 0, 0*c + 4*c + 7 = 3*o. What is the remainder when o is divided by 5?
4
Let o(k) = 11*k - 3. What is the remainder when o(4) is divided by 15?
11
Suppose -2*v = -3*h - 5*v + 123, -5*h + 187 = -4*v. Calculate the remainder when h is divided by 7.
4
Let x(t) = 11*t**2 + 1. What is the remainder when 70 is divided by x(-1)?
10
Let k = 66 + -10. Calculate the remainder when 220 is divided by k.
52
Suppose -y + 171 = 2*y. Suppose -4*s = -s - y. Suppose 2 = -5*g - 8, 2*g = 5*x - 39. Calculate the remainder when s is divided by x.
5
Suppose -3*s - 4*d + d + 39 = 0, 2*s - 16 = 3*d. Suppose 0 = -r - 10 + 13. What is the remainder when s is divided by r?
2
Let v(m) = -2*m**3 + 27*m**2 - 9*m + 4. Calculate the remainder when v(13) is divided by 29.
27
Suppose -15 = -f + 4*s, -2*f + 5*s + 31 - 7 = 0. What is the remainder when 18 is divided by f?
4
Suppose -5*f + 114 = 4*n - 50, n = 3*f + 58. What is the remainder when n is divided by 12?
10
Let c = 5 + 45. Calculate the remainder when c is divided by 26.
24
Suppose 3*y - 42 = y. Calculate the remainder when y is divided by 12.
9
Let i = 0 + 3. Calculate the remainder when (-3 - (-60)/16)/((-2)/(-16)) is divided by i.
0
Let b(c) = 1 + 4*c + 3*c - c**2 - 2*c. Let k be b(4). Suppose k*q - 152 = q. What is the remainder when q is divided by 13?
12
Let z = 9 - -2. Let s = 72 - 51. What is the remainder when s is divided by z?
10
Suppose 2*t - t = 6. Let z = t - 7. What is the remainder when 9 is divided by 3 + z + 0 - -3?
4
Let q = 56 - 22. Calculate the remainder when q is divided by 12.
10
Suppose 4*a + 1 = -3, -44 = -2*n - 2*a. Suppose -4*v = -3*v - 13. What is the remainder when n is divided by v?
10
Suppose 3*y = 4*w + y + 126, 0 = 4*y - 20. Let d = 40 + w. What is the remainder when 21 is divided by d?
10
Let g(z) = -z - 5. Let n be g(-7). Suppose 188 + n = 5*c. What is the remainder when c is divided by 13?
12
Let w(y) = y**3 + 10*y**2 - 11*y + 1. Let d be 6/15 - (-23)/5. Suppose -4*g - d*x - 10 = 1, -5*x - 12 = 3*g. What is the remainder when g is divided by w(-11)?
0
Let s(i) = -i + 2. Let d be s(2). Suppose d = 3*a - 3*g - 39, 5*a = a - 4*g + 20. Calculate the remainder when 25 is divided by a.
7
Suppose -34 = -3*p + 5*b, b = -3*b - 8. Calculate the remainder when 32 is divided by (p/12)/((-6)/(-63)).
4
Suppose 5*d - 19 = -2*i, 2*d + 2*i - 4 + 0 = 0. Let f = 6 + 7. What is the remainder when f is divided by d?
3
Suppose -2*p + 5*n = -108 - 140, 4*n - 137 = -p. What is the remainder when p is divided by 44?
41
Suppose p + 4*l = 48, 3*p + 4*l - 5*l = 105. Suppose -4*k + 12 = 0, -k - 4*k = 2*b - 41. Calculate the remainder when p is divided by b.
10
Let o be (-6)/(-15) + 4/(-10). Suppose 85 = 5*s + 5*z, o*s + 5*z + 59 = 3*s. Let g(p) = 3*p**2 + p. Calculate the remainder when g(4) is divided by s.
16
Let w = 48 - 34. What is the remainder when w is divided by -5*(-1 + 0/1)?
4
Suppose -3*m - 143 = -2*d, -2*m + 31 = -d + 104. What is the remainder when d is divided by 34?
33
Let r(f) = -f**3 - 7*f**2 - f + 10. Suppose 5*k - 2*c = -25 - 16, -5*c = 5*k + 20. What is the r